{"id":328,"date":"2022-06-15T04:53:18","date_gmt":"2022-06-15T04:53:18","guid":{"rendered":"https:\/\/grupolasamericas.com.mx\/pgw\/?page_id=328"},"modified":"2025-02-28T17:29:50","modified_gmt":"2025-02-28T17:29:50","slug":"pev","status":"publish","type":"page","link":"https:\/\/grupolasamericas.com.mx\/pgw\/pev\/","title":{"rendered":"Procesos y Empacados de Veracruz"},"content":{"rendered":"\t\t<div data-elementor-type=\"wp-page\" data-elementor-id=\"328\" class=\"elementor elementor-328\">\n\t\t\t\t\t\t<section class=\"elementor-section elementor-top-section elementor-element elementor-element-eac7032 elementor-section-boxed elementor-section-height-default elementor-section-height-default\" data-id=\"eac7032\" data-element_type=\"section\" data-e-type=\"section\">\n\t\t\t\t\t\t<div class=\"elementor-container elementor-column-gap-default\">\n\t\t\t\t\t<div class=\"elementor-column elementor-col-100 elementor-top-column elementor-element elementor-element-711edc5\" data-id=\"711edc5\" data-element_type=\"column\" data-e-type=\"column\">\n\t\t\t<div class=\"elementor-widget-wrap elementor-element-populated\">\n\t\t\t\t\t\t<div class=\"elementor-element elementor-element-4975f04 elementor-widget elementor-widget-heading\" data-id=\"4975f04\" data-element_type=\"widget\" data-e-type=\"widget\" data-widget_type=\"heading.default\">\n\t\t\t\t<div class=\"elementor-widget-container\">\n\t\t\t\t\t<h2 class=\"elementor-heading-title elementor-size-default\"><span><h2 class=\"font_2\" style=\"font-size:50px;line-height:1.2em;text-align:center\"><span style=\"color:#242857\"><span style=\"font-size:50px\"><span style=\"font-weight:bold\"><span style=\"font-family:lato-light,lato,sans-serif\"><span style=\"letter-spacing:0em\">Procesos y Empacados de Veracruz<\/span><\/span><\/span><\/span><\/span><\/h2><\/span><br><\/h2>\t\t\t\t<\/div>\n\t\t\t\t<\/div>\n\t\t\t\t\t<\/div>\n\t\t<\/div>\n\t\t\t\t\t<\/div>\n\t\t<\/section>\n\t\t\t\t<section class=\"elementor-section elementor-top-section elementor-element elementor-element-c4ca588 elementor-section-boxed elementor-section-height-default elementor-section-height-default\" data-id=\"c4ca588\" data-element_type=\"section\" data-e-type=\"section\">\n\t\t\t\t\t\t<div class=\"elementor-container elementor-column-gap-default\">\n\t\t\t\t\t<div class=\"elementor-column elementor-col-50 elementor-top-column elementor-element elementor-element-b26d9bb\" data-id=\"b26d9bb\" data-element_type=\"column\" data-e-type=\"column\">\n\t\t\t<div class=\"elementor-widget-wrap elementor-element-populated\">\n\t\t\t\t\t\t<div class=\"elementor-element elementor-element-90d7a6b elementor-arrows-position-inside elementor-pagination-position-outside elementor-widget elementor-widget-image-carousel\" data-id=\"90d7a6b\" data-element_type=\"widget\" data-e-type=\"widget\" data-settings=\"{&quot;slides_to_show&quot;:&quot;1&quot;,&quot;effect&quot;:&quot;fade&quot;,&quot;navigation&quot;:&quot;both&quot;,&quot;autoplay&quot;:&quot;yes&quot;,&quot;pause_on_hover&quot;:&quot;yes&quot;,&quot;pause_on_interaction&quot;:&quot;yes&quot;,&quot;autoplay_speed&quot;:5000,&quot;infinite&quot;:&quot;yes&quot;,&quot;speed&quot;:500}\" data-widget_type=\"image-carousel.default\">\n\t\t\t\t<div class=\"elementor-widget-container\">\n\t\t\t\t\t\t\t<div class=\"elementor-image-carousel-wrapper swiper\" role=\"region\" aria-roledescription=\"carousel\" aria-label=\"Carrusel de Im\u00e1genes\" dir=\"ltr\">\n\t\t\t<div class=\"elementor-image-carousel swiper-wrapper\" aria-live=\"off\">\n\t\t\t\t\t\t\t\t<div class=\"swiper-slide\" role=\"group\" aria-roledescription=\"slide\" aria-label=\"1 de 3\"><figure class=\"swiper-slide-inner\"><img decoding=\"async\" class=\"swiper-slide-image\" src=\"https:\/\/grupolasamericas.com.mx\/pgw\/wp-content\/uploads\/2022\/06\/pev1.webp\" alt=\"pev1\" \/><\/figure><\/div><div class=\"swiper-slide\" role=\"group\" aria-roledescription=\"slide\" aria-label=\"2 de 3\"><figure class=\"swiper-slide-inner\"><img decoding=\"async\" class=\"swiper-slide-image\" src=\"https:\/\/grupolasamericas.com.mx\/pgw\/wp-content\/uploads\/2022\/06\/pev2.webp\" alt=\"pev2\" \/><\/figure><\/div><div class=\"swiper-slide\" role=\"group\" aria-roledescription=\"slide\" aria-label=\"3 de 3\"><figure class=\"swiper-slide-inner\"><img decoding=\"async\" class=\"swiper-slide-image\" src=\"https:\/\/grupolasamericas.com.mx\/pgw\/wp-content\/uploads\/2022\/06\/pev3.webp\" alt=\"pev3\" \/><\/figure><\/div>\t\t\t<\/div>\n\t\t\t\t\t\t\t\t\t\t\t\t<div class=\"elementor-swiper-button elementor-swiper-button-prev\" role=\"button\" tabindex=\"0\">\n\t\t\t\t\t\t<i aria-hidden=\"true\" class=\"eicon-chevron-left\"><\/i>\t\t\t\t\t<\/div>\n\t\t\t\t\t<div class=\"elementor-swiper-button elementor-swiper-button-next\" role=\"button\" tabindex=\"0\">\n\t\t\t\t\t\t<i aria-hidden=\"true\" class=\"eicon-chevron-right\"><\/i>\t\t\t\t\t<\/div>\n\t\t\t\t\n\t\t\t\t\t\t\t\t\t<div class=\"swiper-pagination\"><\/div>\n\t\t\t\t\t\t\t\t\t<\/div>\n\t\t\t\t\t\t<\/div>\n\t\t\t\t<\/div>\n\t\t\t\t\t<\/div>\n\t\t<\/div>\n\t\t\t\t<div class=\"elementor-column elementor-col-50 elementor-top-column elementor-element elementor-element-3059965\" data-id=\"3059965\" data-element_type=\"column\" data-e-type=\"column\">\n\t\t\t<div class=\"elementor-widget-wrap elementor-element-populated\">\n\t\t\t\t\t\t<div class=\"elementor-element elementor-element-24b6c1c elementor-widget elementor-widget-text-editor\" data-id=\"24b6c1c\" data-element_type=\"widget\" data-e-type=\"widget\" data-widget_type=\"text-editor.default\">\n\t\t\t\t<div class=\"elementor-widget-container\">\n\t\t\t\t\t\t\t\t\t<div id=\"comp-jr2po06m\" class=\"_1Q9if\" data-testid=\"richTextElement\" data-angle=\"0\" data-angle-style-location=\"style\" data-screen-in-hide=\"done\">\n<p>Procesos y Empacados de Veracruz S.A. de C.V. procesa ganado bovino y porcino, generando alimentos inocuos y de calidad, que aseguran la salud y garantizan la satisfacci\u00f3n total de nuestros clientes.<\/p>\n<p class=\"font_8\">\u2022 Sacrificio<br>\u2022 Corte<br>\u2022 Deshuese<br>\u2022 Valor agregado<\/p>\n<\/div>\n<div id=\"comp-jr2pne7z\" class=\"_1Q9if\" data-testid=\"richTextElement\" data-angle=\"0\" data-angle-style-location=\"style\" data-screen-in-hide=\"done\">\n<p class=\"font_8\">\u2022 Establecimiento tipo inspecci\u00f3n federal de exportaci\u00f3n (Tif 672), certificaci\u00f3n HACCP y USDA<br>(Todas las certificaciones fueron conseguidas en tiempo r\u00e9cord)<\/p>\n<\/div>\n<div id=\"comp-jr2pm3yo\" class=\"_1Q9if\" data-testid=\"richTextElement\" data-angle=\"0\" data-angle-style-location=\"style\" data-screen-in-hide=\"done\">\n<p class=\"font_8\">\n<\/p><\/div>\t\t\t\t\t\t\t\t<\/div>\n\t\t\t\t<\/div>\n\t\t\t\t\t<\/div>\n\t\t<\/div>\n\t\t\t\t\t<\/div>\n\t\t<\/section>\n\t\t\t\t<\/div>\n\t\t","protected":false},"excerpt":{"rendered":"<p>Procesos y Empacados de Veracruz Procesos y Empacados de Veracruz S.A. de C.V. procesa ganado bovino y porcino, generando alimentos inocuos y de calidad, que aseguran la salud y garantizan la satisfacci\u00f3n total de nuestros clientes. \u2022 Sacrificio\u2022 Corte\u2022 Deshuese\u2022 Valor agregado \u2022 Establecimiento tipo inspecci\u00f3n federal de exportaci\u00f3n (Tif 672), certificaci\u00f3n HACCP y USDA(Todas [&hellip;]<\/p>\n","protected":false},"author":2,"featured_media":0,"parent":0,"menu_order":0,"comment_status":"closed","ping_status":"closed","template":"","meta":{"footnotes":""},"class_list":["post-328","page","type-page","status-publish","hentry"],"_links":{"self":[{"href":"https:\/\/grupolasamericas.com.mx\/pgw\/wp-json\/wp\/v2\/pages\/328","targetHints":{"allow":["GET"]}}],"collection":[{"href":"https:\/\/grupolasamericas.com.mx\/pgw\/wp-json\/wp\/v2\/pages"}],"about":[{"href":"https:\/\/grupolasamericas.com.mx\/pgw\/wp-json\/wp\/v2\/types\/page"}],"author":[{"embeddable":true,"href":"https:\/\/grupolasamericas.com.mx\/pgw\/wp-json\/wp\/v2\/users\/2"}],"replies":[{"embeddable":true,"href":"https:\/\/grupolasamericas.com.mx\/pgw\/wp-json\/wp\/v2\/comments?post=328"}],"version-history":[{"count":11,"href":"https:\/\/grupolasamericas.com.mx\/pgw\/wp-json\/wp\/v2\/pages\/328\/revisions"}],"predecessor-version":[{"id":512,"href":"https:\/\/grupolasamericas.com.mx\/pgw\/wp-json\/wp\/v2\/pages\/328\/revisions\/512"}],"wp:attachment":[{"href":"https:\/\/grupolasamericas.com.mx\/pgw\/wp-json\/wp\/v2\/media?parent=328"}],"curies":[{"name":"wp","href":"https:\/\/api.w.org\/{rel}","templated":true}]}}