{"id":349,"date":"2022-06-15T05:28:44","date_gmt":"2022-06-15T05:28:44","guid":{"rendered":"https:\/\/grupolasamericas.com.mx\/pgw\/?page_id=349"},"modified":"2025-02-28T21:11:54","modified_gmt":"2025-02-28T21:11:54","slug":"avi-servicios-alimentarios","status":"publish","type":"page","link":"https:\/\/grupolasamericas.com.mx\/pgw\/avi-servicios-alimentarios\/","title":{"rendered":"AVI &#8211; Servicios Alimentarios"},"content":{"rendered":"\t\t<div data-elementor-type=\"wp-page\" data-elementor-id=\"349\" class=\"elementor elementor-349\">\n\t\t\t\t\t\t<section class=\"elementor-section elementor-top-section elementor-element elementor-element-45dd7fa elementor-section-boxed elementor-section-height-default elementor-section-height-default\" data-id=\"45dd7fa\" data-element_type=\"section\" data-e-type=\"section\">\n\t\t\t\t\t\t<div class=\"elementor-container elementor-column-gap-default\">\n\t\t\t\t\t<div class=\"elementor-column elementor-col-100 elementor-top-column elementor-element elementor-element-480d2c8\" data-id=\"480d2c8\" data-element_type=\"column\" data-e-type=\"column\">\n\t\t\t<div class=\"elementor-widget-wrap elementor-element-populated\">\n\t\t\t\t\t\t<div class=\"elementor-element elementor-element-6095a46 elementor-widget elementor-widget-heading\" data-id=\"6095a46\" data-element_type=\"widget\" data-e-type=\"widget\" data-widget_type=\"heading.default\">\n\t\t\t\t<div class=\"elementor-widget-container\">\n\t\t\t\t\t<h2 class=\"elementor-heading-title elementor-size-default\"><span><h2 class=\"font_2\" style=\"font-size:50px;line-height:1.2em;text-align:center\"><span style=\"color:#242857\"><span style=\"font-size:50px\"><span style=\"font-weight:bold\"><span style=\"font-family:lato-light,lato,sans-serif\"><span style=\"letter-spacing:0em\">AVI - Servicios Alimentarios<\/span><\/span><\/span><\/span><\/span><\/h2><\/span><br><\/h2>\t\t\t\t<\/div>\n\t\t\t\t<\/div>\n\t\t\t\t\t<\/div>\n\t\t<\/div>\n\t\t\t\t\t<\/div>\n\t\t<\/section>\n\t\t\t\t<section class=\"elementor-section elementor-top-section elementor-element elementor-element-37f0b01 elementor-section-boxed elementor-section-height-default elementor-section-height-default\" data-id=\"37f0b01\" data-element_type=\"section\" data-e-type=\"section\">\n\t\t\t\t\t\t<div class=\"elementor-container elementor-column-gap-default\">\n\t\t\t\t\t<div class=\"elementor-column elementor-col-50 elementor-top-column elementor-element elementor-element-f853f31\" data-id=\"f853f31\" data-element_type=\"column\" data-e-type=\"column\">\n\t\t\t<div class=\"elementor-widget-wrap elementor-element-populated\">\n\t\t\t\t\t\t<div class=\"elementor-element elementor-element-b040c4e elementor-arrows-position-inside elementor-pagination-position-outside elementor-invisible elementor-widget elementor-widget-image-carousel\" data-id=\"b040c4e\" data-element_type=\"widget\" data-e-type=\"widget\" data-settings=\"{&quot;slides_to_show&quot;:&quot;1&quot;,&quot;effect&quot;:&quot;fade&quot;,&quot;_animation&quot;:&quot;fadeIn&quot;,&quot;navigation&quot;:&quot;both&quot;,&quot;autoplay&quot;:&quot;yes&quot;,&quot;pause_on_hover&quot;:&quot;yes&quot;,&quot;pause_on_interaction&quot;:&quot;yes&quot;,&quot;autoplay_speed&quot;:5000,&quot;infinite&quot;:&quot;yes&quot;,&quot;speed&quot;:500}\" data-widget_type=\"image-carousel.default\">\n\t\t\t\t<div class=\"elementor-widget-container\">\n\t\t\t\t\t\t\t<div class=\"elementor-image-carousel-wrapper swiper\" role=\"region\" aria-roledescription=\"carousel\" aria-label=\"Carrusel de Im\u00e1genes\" dir=\"ltr\">\n\t\t\t<div class=\"elementor-image-carousel swiper-wrapper\" aria-live=\"off\">\n\t\t\t\t\t\t\t\t<div class=\"swiper-slide\" role=\"group\" aria-roledescription=\"slide\" aria-label=\"1 de 3\"><figure class=\"swiper-slide-inner\"><img decoding=\"async\" class=\"swiper-slide-image\" src=\"https:\/\/grupolasamericas.com.mx\/pgw\/wp-content\/uploads\/2022\/06\/AVI-ALI1.webp\" alt=\"AVI ALI1\" \/><\/figure><\/div><div class=\"swiper-slide\" role=\"group\" aria-roledescription=\"slide\" aria-label=\"2 de 3\"><figure class=\"swiper-slide-inner\"><img decoding=\"async\" class=\"swiper-slide-image\" src=\"https:\/\/grupolasamericas.com.mx\/pgw\/wp-content\/uploads\/2022\/06\/AVI-ALI2.webp\" alt=\"AVI ALI2\" \/><\/figure><\/div><div class=\"swiper-slide\" role=\"group\" aria-roledescription=\"slide\" aria-label=\"3 de 3\"><figure class=\"swiper-slide-inner\"><img decoding=\"async\" class=\"swiper-slide-image\" src=\"https:\/\/grupolasamericas.com.mx\/pgw\/wp-content\/uploads\/2022\/06\/AVI-ALI3.webp\" alt=\"AVI ALI3\" \/><\/figure><\/div>\t\t\t<\/div>\n\t\t\t\t\t\t\t\t\t\t\t\t<div class=\"elementor-swiper-button elementor-swiper-button-prev\" role=\"button\" tabindex=\"0\">\n\t\t\t\t\t\t<i aria-hidden=\"true\" class=\"eicon-chevron-left\"><\/i>\t\t\t\t\t<\/div>\n\t\t\t\t\t<div class=\"elementor-swiper-button elementor-swiper-button-next\" role=\"button\" tabindex=\"0\">\n\t\t\t\t\t\t<i aria-hidden=\"true\" class=\"eicon-chevron-right\"><\/i>\t\t\t\t\t<\/div>\n\t\t\t\t\n\t\t\t\t\t\t\t\t\t<div class=\"swiper-pagination\"><\/div>\n\t\t\t\t\t\t\t\t\t<\/div>\n\t\t\t\t\t\t<\/div>\n\t\t\t\t<\/div>\n\t\t\t\t\t<\/div>\n\t\t<\/div>\n\t\t\t\t<div class=\"elementor-column elementor-col-50 elementor-top-column elementor-element elementor-element-c785999\" data-id=\"c785999\" data-element_type=\"column\" data-e-type=\"column\">\n\t\t\t<div class=\"elementor-widget-wrap elementor-element-populated\">\n\t\t\t\t\t\t<div class=\"elementor-element elementor-element-7cf2999 elementor-widget elementor-widget-text-editor\" data-id=\"7cf2999\" data-element_type=\"widget\" data-e-type=\"widget\" data-widget_type=\"text-editor.default\">\n\t\t\t\t<div class=\"elementor-widget-container\">\n\t\t\t\t\t\t\t\t\t<div data-testid=\"richTextElement\" data-angle=\"0\" data-angle-style-location=\"style\" data-screen-in-hide=\"done\"><p style=\"text-align: center;\">Materia prima de primera calidad &#8220;<b><u><i>del campo a su mesa<\/i><\/u><\/b>&#8220;.<\/p><\/div><div data-testid=\"richTextElement\" data-angle=\"0\" data-angle-style-location=\"style\" data-screen-in-hide=\"done\"><p>Alimentos procesados de una manera inocua, saludable, r\u00e1pida y eficiente con altos est\u00e1ndares de calidad basados en la Norma 251 y distintivo H. garantizando la seguridad e higiene alimentaria.<br \/>Men\u00fas realizados con base en el patr\u00f3n alimentario solicitado por el cliente pero revisado por nuestros nutri\u00f3logos garantizando as\u00ed comidas balanceadas y saludables.<\/p><\/div><div data-testid=\"richTextElement\" data-angle=\"0\" data-angle-style-location=\"style\" data-screen-in-hide=\"done\"><p>\u00a0\u00a0 \u2022 Suministro de materia prima<br \/>\u00a0\u00a0 \u2022 Catering\u00a0\u00a0\u00a0\u00a0\u00a0 \u00a0 \u00a0 \u00a0\u00a0 \u2022 Comedores\u00a0 industriales\u00a0\u00a0\u00a0 \u2022 Desayunos escolares<br \/>\u00a0\u00a0 \u2022 Box Lunch\u00a0\u00a0\u00a0 \u00a0 \u00a0 \u00a0 \u2022 Eventos masivos \u00a0 \u00a0 \u00a0 \u00a0 \u00a0 \u00a0 \u00a0\u00a0 \u2022 Penitenciario<\/p><p>Nos certificamos de acuerdo a las necesidades del cliente.<\/p><\/div>\t\t\t\t\t\t\t\t<\/div>\n\t\t\t\t<\/div>\n\t\t\t\t\t<\/div>\n\t\t<\/div>\n\t\t\t\t\t<\/div>\n\t\t<\/section>\n\t\t\t\t<\/div>\n\t\t","protected":false},"excerpt":{"rendered":"<p>AVI &#8211; Servicios Alimentarios Materia prima de primera calidad &#8220;del campo a su mesa&#8220;. Alimentos procesados de una manera inocua, saludable, r\u00e1pida y eficiente con altos est\u00e1ndares de calidad basados en la Norma 251 y distintivo H. garantizando la seguridad e higiene alimentaria.Men\u00fas realizados con base en el patr\u00f3n alimentario solicitado por el cliente pero [&hellip;]<\/p>\n","protected":false},"author":2,"featured_media":0,"parent":0,"menu_order":0,"comment_status":"closed","ping_status":"closed","template":"","meta":{"footnotes":""},"class_list":["post-349","page","type-page","status-publish","hentry"],"_links":{"self":[{"href":"https:\/\/grupolasamericas.com.mx\/pgw\/wp-json\/wp\/v2\/pages\/349","targetHints":{"allow":["GET"]}}],"collection":[{"href":"https:\/\/grupolasamericas.com.mx\/pgw\/wp-json\/wp\/v2\/pages"}],"about":[{"href":"https:\/\/grupolasamericas.com.mx\/pgw\/wp-json\/wp\/v2\/types\/page"}],"author":[{"embeddable":true,"href":"https:\/\/grupolasamericas.com.mx\/pgw\/wp-json\/wp\/v2\/users\/2"}],"replies":[{"embeddable":true,"href":"https:\/\/grupolasamericas.com.mx\/pgw\/wp-json\/wp\/v2\/comments?post=349"}],"version-history":[{"count":29,"href":"https:\/\/grupolasamericas.com.mx\/pgw\/wp-json\/wp\/v2\/pages\/349\/revisions"}],"predecessor-version":[{"id":536,"href":"https:\/\/grupolasamericas.com.mx\/pgw\/wp-json\/wp\/v2\/pages\/349\/revisions\/536"}],"wp:attachment":[{"href":"https:\/\/grupolasamericas.com.mx\/pgw\/wp-json\/wp\/v2\/media?parent=349"}],"curies":[{"name":"wp","href":"https:\/\/api.w.org\/{rel}","templated":true}]}}